r of 356958?
False
Does 431 divide 609003?
True
Does 3 divide 922551?
True
Is 21 a factor of 6752403?
True
Is 190 a factor of 43130?
True
Is 1382515 a multiple of 3?
False
Does 4 divide 291249?
False
Does 62 divide 161772?
False
Is 521 a factor of 2612815?
True
Does 510 divide 3900454?
False
Is 43610 a multiple of 5?
True
Is 762 a factor of 459486?
True
Is 75803 a multiple of 343?
True
Is 37 a factor of 276640?
False
Is 21389 a multiple of 5?
False
Does 60 divide 29700?
True
Does 18 divide 11470313?
False
Is 173416 a multiple of 424?
True
Does 149 divide 221265?
True
Is 827 a factor of 343205?
True
Does 24 divide 10104?
True
Does 33 divide 507216?
False
Is 40 a factor of 324520?
True
Is 286 a factor of 272558?
True
Is 25086 a multiple of 74?
True
Does 33 divide 38054?
False
Is 7025095 a multiple of 2088?
False
Does 16 divide 2482792?
False
Does 11 divide 88771?
False
Does 163 divide 90465?
True
Is 349391 a multiple of 37?
True
Is 2893268 a multiple of 11?
False
Is 136 a factor of 39848?
True
Is 9097637 a multiple of 132?
False
Is 164 a factor of 154193?
False
Is 195 a factor of 131430?
True
Is 4144790 a multiple of 10?
True
Is 22 a factor of 5649803?
False
Is 23 a factor of 664270?
False
Does 561 divide 2689995?
True
Is 3 a factor of 711954?
True
Is 1929054 a multiple of 23?
False
Is 4 a factor of 884?
True
Is 14 a factor of 3842505?
False
Does 24 divide 174984?
True
Does 34 divide 16762?
True
Is 3750848 a multiple of 103?
True
Is 11 a factor of 979770?
True
Is 2713998 a multiple of 722?
True
Is 316 a factor of 7093252?
True
Is 112 a factor of 452024?
False
Is 2478419 a multiple of 31?
True
Does 177 divide 24780?
True
Is 2555389 a multiple of 11?
False
Is 603 a factor of 332208?
False
Is 156 a factor of 1757459?
False
Is 6486 a multiple of 3?
True
Is 338064 a multiple of 48?
True
Does 26 divide 143098?
False
Does 279 divide 628458?
False
Is 6 a factor of 475968?
True
Is 548 a factor of 5786332?
True
Is 1045845 a multiple of 915?
True
Is 996435 a multiple of 20?
False
Does 219 divide 3151662?
False
Is 3408568 a multiple of 71?
True
Is 978120 a multiple of 1287?
True
Is 1446094 a multiple of 13?
True
Is 216 a factor of 110376?
True
Is 8 a factor of 3600?
True
Does 13 divide 14170?
True
Is 188675 a multiple of 82?
False
Is 4 a factor of 208888?
True
Is 65834 a multiple of 11?
False
Is 495934 a multiple of 68?
False
Is 943401 a multiple of 13?
False
Is 525278 a multiple of 117?
False
Is 202004 a multiple of 74?
False
Does 63 divide 27935?
False
Does 95 divide 7935445?
True
Does 6 divide 17427?
False
Is 108 a factor of 3465072?
True
Is 3964 even?
True
Does 75 divide 26925?
True
Is 40 a factor of 725800?
True
Does 3 divide 36253?
False
Is 56 a factor of 9674112?
True
Is 2999271 a multiple of 22?
False
Does 151 divide 29688?
False
Is 3 a factor of 255165?
True
Is 1683824 a multiple of 16?
True
Does 134 divide 26410?
False
Does 955 divide 1714891?
False
Is 61 a factor of 2153634?
False
Is 590 a factor of 7670?
True
Does 11 divide 9746484?
True
Is 10239444 a multiple of 36?
True
Is 14 a factor of 602399?
False
Is 611898 a multiple of 102?
True
Does 69 divide 1112349?
True
Is 681 a factor of 22413428?
False
Is 60 a factor of 171660?
True
Does 519 divide 435960?
True
Does 142 divide 1247186?
True
Does 243 divide 312741?
True
Does 424 divide 5365296?
True
Is 2315 a factor of 19546077?
False
Is 291336 a multiple of 597?
True
Does 6 divide 574988?
False
Does 738 divide 1292275?
False
Does 18 divide 38861?
False
Is 408 a factor of 2279846?
False
Does 568 divide 571408?
True
Is 9 a factor of 3745617?
False
Does 8 divide 337579?
False
Is 24995 a multiple of 23?
False
Does 42 divide 2991282?
True
Is 79 a factor of 17324597?
False
Does 121 divide 47319?
False
Is 93388 a multiple of 487?
False
Does 226 divide 383070?
True
Is 19 a factor of 913273?
True
Is 275 a factor of 477400?
True
Is 559224 a multiple of 108?
True
Is 837 a factor of 5852304?
True
Does 62 divide 3249668?
True
Does 187 divide 164747?
True
Is 1262093 a multiple of 49?
True
Is 198870 a multiple of 85?
False
Does 43 divide 1362767?
False
Is 7 a factor of 2589654?
False
Is 356 a factor of 731224?
True
Is 792 a factor of 1792141?
False
Is 46 a factor of 326278?
True
Is 433647 a multiple of 95?
False
Is 34 a factor of 3124226?
True
Is 7622179 a multiple of 11?
False
Is 1129475 a multiple of 23?
False
Is 39 a factor of 1732778?
False
Does 5 divide 27165?
True
Is 541240 a multiple of 630?
False
Does 805 divide 1437015?
False
Is 30 a factor of 15292?
False
Is 127 a factor of 25781?
True
Is 16 a factor of 1600?
True
Is 7 a factor of 3616374?
False
Is 14 a factor of 779156?
True
Does 19 divide 2200599?
True
Is 300990 a multiple of 158?
True
Does 67 divide 1146571?
True
Is 17 a factor of 30294?
True
Does 11 divide 12199187?
True
Is 11 a factor of 163284?
True
Is 208243 a multiple of 17?
False
Is 25787 a multiple of 11?
False
Is 1552119 a multiple of 20?
False
Is 8146216 a multiple of 461?
False
Is 43 a factor of 436090?
False
Does 256 divide 576985?
False
Does 57 divide 2968503?
True
Is 61 a factor of 2610922?
True
Does 7 divide 995162?
True
Is 1174024 a multiple of 12?
False
Does 3 divide 897893?
False
Is 52 a factor of 341901?
False
Is 621656 a multiple of 18?
False
Is 966 a factor of 654948?
True
Does 32 divide 129326?
False
Is 311 a factor of 2655318?
True
Does 141 divide 450213?
True
Is 186 a factor of 25702?
False
Is 31981140 a multiple of 60?
True
Is 4 a factor of 45628?
True
Is 14 a factor of 112541?
False
Does 20 divide 16420?
True
Does 25 divide 860208?
False
Is 64 a factor of 299261?
False
Does 12 divide 209501?
False
Is 13094403 a multiple of 1219?
False
Is 19 a factor of 33174?
True
Does 11 divide 8091809?
True
Is 39 a factor of 157590?
False
Is 356 a factor of 135996?
False
Is 133 a factor of 80332?
True
Is 6618066 a multiple of 897?
True
Does 58 divide 474150?
True
Is 241 a factor of 167254?
True
Is 598120 a multiple of 76?
True
Does 285 divide 265335?
True
Is 129 a factor of 366841?
False
Is 26 a factor of 7462?
True
Is 264012 a multiple of 449?
True
Is 1617891 a multiple of 8?
False
Is 107 a factor of 14124?
True
Is 5511961 a multiple of 833?
True
Is 41 a factor of 350837?
True
Is 23 a factor of 21518?
False
Is 64285 a multiple of 3?
False
Is 216 a factor of 34344?
True
Is 14600 a multiple of 246?
False
Is 13 a factor of 392073?
False
Is 1663920 a multiple of 24?
True
Is 60 a factor of 63241?
False
Is 5877811 a multiple of 83?
True
Does 14 divide 89968?
False
Does 139 divide 852070?
True
Does 1341 divide 13328199?
True
Is 34374 a multiple of 17?
True
Is 22 a factor of 1873527?
False
Does 115 divide 214705?
True
Is 47 a factor of 4423593?
True
Is 13965 a multiple of 2?
False
Is 6226195 a multiple of 750?
False
Is 14 a factor of 189672?
True
Is 999768 a multiple of 84?
True
Does 29 divide 125599?
True
Is 152 a factor of 5746512?
True
Is 36 a factor of 490131?
False
Is 311 a factor of 251288?
True
Is 194 a factor of 1351681?
False
Does 3 divide 18792?
True
Does 13 divide 28180217?
True
Does 24 divide 139032?
True
Is 507099 a multiple of 8?
False
Does 579 divide 8518647?
False
Is 167 a factor of 2067911?
False
Is 892511 a multiple of 70?
False
Does 37 divide 49543?
True
Does 13 divide 43615?
True
Does 11 divide 59903?
False
Is 2907894 a multiple of 385?
False
Is 34 a factor of 62934?
True
Does 62 divide 8642?
False
Is 11 a factor of 19765?
False
Is 18957 a multiple of 197?
False
Is 36 a factor of 152926?
False
Is 9 a factor of 225018?
True
Does 340 divide 352910?
False
Does 129 divide 1053027?
True
Is 280 a factor of 1685320?
True
Does 92 divide 428170?
False
Does 336 divide 6343008?
True
Is 2681220 a multiple of 60?
True
Does 13 divide 14614425?
False
Is 448089 a multiple of 41?
True
Is 225527 a multiple of 9?
False
Does 1153 divide 5487711?
False
Is 28 a factor of 1855239?
False
Does 94 divide 94682?
False
Does 383 divide 180776?
True
Is 1481601 a multiple of 323?
True
Is 454536 a multiple of 12?
True
Is 706121 a multiple of 3?
False
Is 333 a factor of 207792?
True
Is 18 a factor of 388740?
False
Does 31 divide 116653?
True
Is 340 a factor of 231880?
True
Is 2683147 a multiple of 15?
False
Is 102 a factor of 88134?
False
Is 317030 a multiple of 7?
True
Is 660836 a multiple of 506?
True
D